common factor of 7 and f.
7
Let g = 9882 - 9554. What is the highest common divisor of g and 104?
8
Let l = 11442 - 10567. What is the greatest common factor of l and 140?
35
Let p be 32/11 - 3 - (-3100)/341. Suppose 5*y - 5*f - 1111 + 251 = 0, 4 = 2*f. Let g = y - 111. Calculate the highest common divisor of p and g.
9
Suppose 274 - 76 = 2*w. Suppose 41*j - 38*j = w. Let q be 33*((-129)/(-36) + 25/(-20)). Calculate the highest common divisor of q and j.
11
Let w(a) = 4*a**2 - 1. Let k be w(1). Suppose -4 = 5*t + 6, 1 = k*s + t. Let o(m) = 5*m. Let r be o(s). Calculate the greatest common divisor of r and 35.
5
Let q be (-1)/(4/10 + 396/(-940)). Suppose 3*b - 37 = q. Suppose -g = -t - 198, -626 + 48 = -3*g - 5*t. Calculate the greatest common divisor of b and g.
28
Let d = -75176 + 75256. Let y = 12 - -4. Calculate the highest common factor of y and d.
16
Let w(q) = q**3 + 111*q**2 + 212*q - 644. Let c be w(-109). Suppose -5*u + 23 = -27. What is the greatest common divisor of u and c?
10
Suppose 4*x + 190 = m, 2*m = 3*x + 323 + 57. What is the greatest common factor of 80 and m?
10
Let c(q) = 8*q**2 - 418*q + 1074. Let p be c(57). What is the highest common factor of 75 and p?
15
Let t = 131 + -85. Let x = 99 + t. Let o(v) = 5*v**3 - 3*v**2 + 1. Let w be o(2). What is the highest common factor of w and x?
29
Let u(y) = 9*y**2 + 12*y - 17. Let l be u(6). Let d = l + 71. What is the greatest common divisor of 50 and d?
50
Let z(h) = 17*h**2. Let f be z(-3). Let y = -135 + f. Let m be 4/(-3)*(-54)/4. Calculate the greatest common divisor of y and m.
18
Suppose 16380 = 24*q - 34428. Suppose 2*n + 4*g - 1060 = 0, -3*n + 5*g - q = -7*n. What is the highest common factor of 96 and n?
48
Suppose 171*k = 1345 + 3443. Suppose 904 = 3*w - 5*d, 2*w + 2*d - 430 - 194 = 0. What is the greatest common factor of w and k?
28
Let u(f) = 3*f**2 + 27*f - 792. Let h be u(-81). What is the highest common factor of 261 and h?
261
Let x = -49 - -92. Suppose -4*r + 3*r = 38. Let s = x + r. Calculate the greatest common factor of 35 and s.
5
Suppose 2691 = 12*r + 3*p, -5*r + 9*p + 1125 = 14*p. What is the highest common divisor of r and 160?
32
Suppose 6*y + 10 = 4*y - 5*f, 4*y + 5*f + 10 = 0. Suppose y = -4*s + 12. Suppose 188 + 4 = s*g. Calculate the greatest common divisor of g and 16.
16
Let j = 4067 + -2533. What is the greatest common divisor of 354 and j?
118
Suppose -s = -3*s - 2*d + 1404, 6*s = -5*d + 4216. Let q = s + -329. What is the greatest common divisor of q and 13?
13
Let z = 62 + 8. Let f = 111 - z. Suppose p + f = 2*p + 4*d, -3*p + 93 = 2*d. What is the greatest common divisor of 261 and p?
29
Suppose z = 73 + 123. Let y = -183 + z. Calculate the highest common divisor of 91 and y.
13
Suppose 0 = -31*h - 7*h + 19575 + 7785. Calculate the highest common factor of 112 and h.
16
Let h(m) = 30*m - 31. Let w(z) = -30*z + 31. Let x(a) = -4*h(a) - 3*w(a). Let r be x(-2). Suppose 4*q - 2*q = 26. What is the highest common divisor of q and r?
13
Let s = 12048 + -9500. Calculate the greatest common factor of 294 and s.
98
Let o(h) = 2*h**2 - 5*h - 43. Suppose 3*s + 7 = 2*f, 3*f + 1 = 4*f - s. Let n be o(f). What is the highest common divisor of 12 and n?
3
Let c(b) = b - 17. Let k be c(19). Let u be 4422/42 + k + (-16)/7. Calculate the greatest common factor of u and 35.
35
Let l(a) = 9*a + 81. Suppose -6*o - 135 = 21*o. Let x be l(o). Calculate the greatest common divisor of 36 and x.
36
Suppose 4*q + n - 3103 = 0, -2513 = -4*q + 2*n + 593. What is the highest common factor of 40 and q?
8
Suppose 316*y - 453*y + 107271 = 0. What is the greatest common factor of y and 4959?
261
Suppose -102*b + 9217 = 4350 - 5231. What is the greatest common divisor of b and 88?
11
Suppose -6592*y = -6306*y - 10296. Suppose -4*p = -3*p + z - 11, -2*p = -z - 34. What is the highest common divisor of y and p?
3
Suppose -5*v + 0*s + 285 = 3*s, 65 = v - s. Calculate the highest common divisor of 48 and v.
12
Let m(t) = 17*t**2 + 60*t - 21. Let w be m(-17). What is the greatest common factor of w and 1232?
176
Let f = 275 - 190. Let s(d) = -280 + 20*d - 306 + 543. Let r be s(3). What is the highest common factor of r and f?
17
Suppose 4*q = 4*t + 20816, 3*t = 93*q - 89*q - 20820. Calculate the greatest common factor of 465 and q.
93
Suppose 12*p = 23*p - 924. Let b = -18 + 20. Suppose c - 629 = -5*x, 2*c = b*x + 4*c - 250. What is the greatest common factor of x and p?
42
Let p = -4 + 10. Suppose -4*h + 3*w - 83 = 0, -5*w = 2*h - 7 + 68. Let j = h - -32. Calculate the greatest common factor of j and p.
3
Suppose 0 = -18*d + 15*d + 264. Suppose y + d = 5*u, 5*y - 2*y - 6 = 0. Calculate the highest common factor of u and 81.
9
Let g = 3 - -17. Let f(l) = -2*l + 65. Let v be f(g). Calculate the highest common factor of v and 15.
5
Let y be (-3795)/12*(-74 - -58). What is the highest common divisor of 575 and y?
115
Let d(z) = 5*z + 75. Let u be d(-9). Suppose -2*t + 2*k + u + 48 = 0, 3*k = -6. Calculate the highest common divisor of 111 and t.
37
Suppose 20*h = -32*h + 14*h + 342. What is the greatest common divisor of h and 1350?
9
Let n be 708/22 + 24/(-132). Suppose 5*u - n = u. Let w be u/12 + (-16)/(-3). Calculate the greatest common factor of 2 and w.
2
Let x = 20816 - 16290. What is the greatest common divisor of x and 584?
146
Suppose 781 = w - n, -1572 = -41*w + 39*w - 3*n. What is the greatest common factor of 324 and w?
27
Let y(l) = 43*l - 167. Let h be y(9). Suppose 2*i = 13*i - h. Let d be -2 + 3 + 139/1. Calculate the highest common factor of i and d.
20
Suppose -5*d + 41 = -3*u, 4*u + 2*d - 14 = 5*u. Let l be (1 - (-20)/u)/(8/(-216)). Calculate the highest common divisor of l and 144.
18
Let w be (7 - (-252)/(-35)) + ((-32040)/(-25))/3. What is the greatest common divisor of 56 and w?
7
Let y be -2*(-3)/(-2) - -6*1. Let o = 25 + -22. Suppose 0 = -5*q - 4*g + 299, -2*q + 3*q - o*g = 75. Calculate the greatest common divisor of q and y.
3
Let u = 8850 - 8391. Calculate the highest common divisor of 153 and u.
153
Let h = -56 + 101. Let o = 38 + -38. Suppose 4*d = -o*d + 5*c + 56, 2*d - 4*c - 34 = 0. Calculate the greatest common factor of h and d.
9
Let z = 9035 - 8763. What is the greatest common divisor of 6086 and z?
34
Let p(g) = -g**3 - 90*g**2 + 50*g + 22. Let l be p(-91). Calculate the greatest common factor of 3 and l.
3
Suppose 5*f = -10, -q - 2*f = q - 66. Let g(z) = z**3 - 7*z**2 - 5*z + 5. Let k be g(8). Let l = -15 + k. Calculate the greatest common factor of l and q.
7
Suppose -4*k - 160 = -9*k + 5*f, 0 = 2*f + 6. Suppose -36 + 7 = -k*m. What is the greatest common divisor of 70 and m?
1
Let s = 29654 - 29558. What is the highest common divisor of 12816 and s?
48
Let u be 37/(-1)*(-1 + -1 + 1). Suppose 2*i + u - 53 = 0. Calculate the greatest common divisor of i and 56.
8
Suppose 174*z - 13831 - 581945 = 0. What is the greatest common divisor of z and 160?
32
Suppose 35*f + 1097 - 26994 = 22998. What is the greatest common factor of 88 and f?
11
Let v(a) = a**2 + 15*a + 59. Let g be v(-8). Suppose -8*z - 549 = -i - 6*z, -g*i + 1658 = 5*z. Calculate the highest common factor of 29 and i.
29
Let s(o) = -32*o + 2104. Let p be s(58). Calculate the greatest common divisor of 93 and p.
31
Let z be (4/3)/((-2)/3). Let d(r) = 2*r**2. Let k be d(z). Let n(t) = -t**2 + 8*t + 5. Let v be n(k). What is the highest common divisor of 25 and v?
5
Suppose 43*m - 562 = 1416. Suppose 393 + 26 = 3*t - 5*r, 2*t = -3*r + 273. Calculate the greatest common factor of m and t.
46
Let o(i) = -i**2 - 60*i - 176. Let d be o(-56). What is the highest common factor of 780 and d?
12
Let t = 305 - 301. Suppose -n + 5*x = -217 + 87, 2*n - 330 = -t*x. What is the greatest common divisor of n and 62?
31
Suppose -11*z + 39 = 2*z. Suppose -5*d = z*l - 249, -2*d - l + 62 = -37. Calculate the greatest common factor of 60 and d.
12
Let y(h) = 260*h + 276. Let o be y(-1). What is the greatest common factor of o and 8696?
8
Let l(s) = -s**3 - 20*s**2 - 21*s - 21. Suppose 18*u - 19*u + 4 = 0. Suppose -7 - 69 = u*h. Let w be l(h). Calculate the highest common divisor of 119 and w.
17
Let x(g) = -47*g - 36. Let c be x(-3). Let i = 184 - 270. Let s = i + c. Calculate the greatest common divisor 